g be r(z). What is the highest common divisor of g and a?
15
Suppose 0 = 2*s + 4*z - 28, 5*z - 7*z = -8. Let n = -86 + 164. What is the greatest common factor of n and s?
6
Suppose 69 = -20*l + 22*l - 3*d, -d = 3*l - 87. Let n = 19 + -9. Calculate the highest common divisor of l and n.
10
Let f = -60 + 208. Calculate the greatest common factor of 111 and f.
37
Suppose -s + 19 = 2*k + 3*k, k = -5*s + 71. Let r(a) = a**3 + 5*a**2 - 7*a + 2. Let c be r(-6). Let u = -6 + c. Calculate the highest common divisor of u and s.
2
Let a = -775 - -809. What is the greatest common divisor of a and 8?
2
Suppose 2*m - 3*m = -45. Let p(j) = 4*j + 12. Let l(g) = g - 1. Let w(b) = -3*l(b) + p(b). Let f be w(0). Calculate the greatest common factor of f and m.
15
Let x = 589 + -491. Calculate the greatest common factor of x and 154.
14
Let w = -3 - -5. Suppose -w*k - 4*r + 58 = 0, 0*k = 4*k + 4*r - 128. Calculate the greatest common factor of 14 and k.
7
Let r = 2067 - 2042. What is the greatest common factor of 2525 and r?
25
Let u = 5 + 1. Let k be (-4)/(u + -5) - -17. What is the highest common divisor of 325 and k?
13
Let c(v) = -159*v - 29. Let y be c(-1). Calculate the highest common factor of y and 91.
13
Let g(c) = 7*c - 138. Let v be g(23). What is the greatest common factor of 1748 and v?
23
Suppose -5*r + 72 = -r. Suppose -4*m - o = -48, -5*m - o = -4*o - 60. What is the highest common divisor of m and r?
6
Let q be ((-9)/(-6))/(3/8). Suppose 90 = 6*b - b. Suppose 3*v = -4*k + 16, b = 4*v - 2*k + 4*k. Calculate the greatest common divisor of v and q.
4
Suppose -4*u + 10 = u. Suppose -5*z - 4*v = -38, 0 = 5*z - 0*v - u*v - 26. Calculate the highest common factor of 18 and z.
6
Suppose -21*n - 104 = -818. Calculate the greatest common factor of n and 187.
17
Let d = 16 + -5. Suppose 3*t + 122 = 5*r, -16*r = -13*r + 2*t - 58. Calculate the highest common divisor of d and r.
11
Let t = 41 + -10. Suppose -5*a - 2*m + 50 = 0, t = 2*a - 0*m + 3*m. What is the greatest common factor of 12 and a?
4
Let x(y) = -y**3 + 6*y**2 + 4*y - 7. Let w be x(6). Let u = w + -13. Suppose k - 8 - u = 0. Calculate the greatest common factor of k and 108.
12
Let x be 57/12 - (-20)/16. Suppose 9 = 2*t - 5*h - 4, t = 4*h + 8. What is the highest common factor of x and t?
2
Suppose 151 = -3*p + 22. Let w = 206 - 64. Let j = p + w. Calculate the greatest common factor of 9 and j.
9
Let h = -1600 + 1723. Calculate the greatest common divisor of 12 and h.
3
Let t be (5 + 10 - 4)/(4/20). Calculate the greatest common factor of t and 11.
11
Suppose -4*p + 7*p = 0. Suppose p = -3*a + 2*a + 6. What is the greatest common factor of a and 2?
2
Let g = 751 + -652. Suppose 4*z = -3*h - 10, -z + 2*z + 2*h + 5 = 0. Let n be 19/2 + z/2. What is the highest common factor of g and n?
9
Let d(f) = f**2 + f - 4. Let a be d(0). Let h be a + 7 - (1 + 0). Suppose -2*n = h*n - 448. What is the highest common factor of 16 and n?
16
Suppose 0 = 16*z - 21*z - 3*g + 138, -2*g = -5*z + 158. What is the greatest common divisor of z and 30?
30
Let z(q) = 10*q + 4. Let x(y) = y**2. Let m(h) = -x(h) - z(h). Let j be m(-4). Let s = 453 - 233. What is the highest common divisor of j and s?
20
Let m be 7/14*10 - 1. Calculate the highest common divisor of 38 and m.
2
Let x(q) = -q**3 + 11*q**2 - 29*q + 15. Let t be x(6). Suppose h - 3*k + 20 = -7, -k + 97 = -4*h. Let b = 45 + h. What is the greatest common factor of b and t?
21
Let f = -14 - -22. Let h be 3*(-2 - 16/12). Let w(t) = t**2 + 5*t + 14. Let g be w(h). Calculate the highest common divisor of f and g.
8
Let j be 6/(-12) - 610/(-4). Suppose 0 = -19*y + 46*y - 216. Calculate the highest common factor of y and j.
8
Suppose 5*l - 55 = -i, 0 = -4*i - 3*l + l + 184. Let k(b) = -12 + 12 - 3*b. Let y be k(-6). Calculate the greatest common divisor of i and y.
9
Let x(j) = 7*j**2 + j - 3. Let c be x(-4). What is the greatest common factor of 63 and c?
21
Let s(l) = 20*l**2 - l. Let w be s(-1). Suppose 2*y + 392 = 16. Let p = y - -272. Calculate the greatest common divisor of p and w.
21
Suppose 18*j - 9298 = 2402. Calculate the highest common divisor of 50 and j.
50
Suppose 23 = 8*j - 7*j. Suppose 65 - j = 2*d. Let f = 41 - d. Calculate the greatest common divisor of 5 and f.
5
Let h(n) = -9*n + 7. Let a(s) = 17*s - 15. Let f(i) = -3*a(i) - 5*h(i). Suppose -12 - 6 = 2*c. Let d be f(c). Calculate the highest common divisor of 8 and d.
8
Let l(t) = t**2 - 11*t - 9. Let m be l(12). Suppose -2*h + 2*i + 23 = h, m*h = -5*i - 5. What is the greatest common factor of 40 and h?
5
Suppose -388 = -5*q - 2*h, -13*h + 10*h + 88 = q. What is the highest common divisor of 57 and q?
19
Let i(z) = 12*z. Let t be i(2). Let b(n) = 9*n - 4. Let p be b(1). Suppose -s + 26 = p*m, 56 = 3*s - 0*s + 4*m. What is the greatest common divisor of s and t?
8
Let g = 2360 - 2359. Let h be (-1 - 6)*2/(-2). What is the highest common factor of h and g?
1
Let j(i) = 2*i**3 - 14*i**2 + 10*i - 10. Let r be j(7). Let q be (-2 + (-8)/(-3))/(4/r). What is the greatest common divisor of 90 and q?
10
Suppose -232 = -10*z + 218. Calculate the highest common divisor of 5 and z.
5
Let f = 0 - -3. Suppose f*v - 4*i + 157 = 0, 4*v - i + 222 = -2*i. Let x be ((-726)/v)/((-3)/(-20)). Calculate the highest common divisor of 11 and x.
11
Suppose 3*o - 110 = 2*o + 4*m, 5*m = 4*o - 385. Suppose -95*f + 30 = -o*f. What is the highest common divisor of f and 24?
6
Suppose -30*s - 1474 = -52*s. Calculate the highest common factor of 1 and s.
1
Let q(a) = 4 - 24 + 70*a**2 + 0 + 17*a - a**3 - 57*a**2. Let l be q(14). Calculate the greatest common factor of 33 and l.
11
Let w = 198 - 159. Let r be 1059/27 - 8/36. What is the greatest common divisor of w and r?
39
Suppose 0 = -7*i + 47 + 16. Suppose 0 = i*r - 709 + 61. Calculate the highest common divisor of 24 and r.
24
Suppose 13*h + 36 = 14*h. Calculate the greatest common divisor of 18 and h.
18
Suppose 60 - 6 = 3*g. Suppose -6*d = -502 - 1028. Let z = -165 + d. Calculate the highest common factor of g and z.
18
Let j = 1521 + -1350. What is the highest common factor of 95 and j?
19
Let a(l) = -5*l**3 - 7*l**2 + 18*l. Let k be a(-6). Calculate the highest common factor of k and 45.
45
Suppose 0 = 2*n + 2*k + 30, 3*k = -n - 3 - 2. Let s be ((-30)/n)/((-2)/(-12)). Let z be (-5 - -9)*s/4. Calculate the highest common divisor of 36 and z.
9
Let u be 1*6 - (51 - 486). What is the highest common divisor of u and 42?
21
Let h be (-8)/12*-9 - (-48)/3. What is the greatest common divisor of h and 22?
22
Suppose 0 = -11*p + 60 + 578. Calculate the greatest common divisor of p and 145.
29
Let u(g) = g**3 - 10*g**2 + 10*g - 13. Let n be u(9). Let z be 5 - (0 - (n + 7)). Let k = z + 12. Calculate the highest common factor of 20 and k.
20
Suppose 16*s - 194 = 1502. Suppose s*h = 101*h + 300. What is the greatest common factor of h and 20?
20
Let g(u) = 72*u**3 + 2*u - 2. Let q be g(1). Suppose 25 + 3 = -2*d. Let l = -5 - d. What is the highest common factor of l and q?
9
Let w(q) = -2*q + 4. Let k be w(2). Suppose 3*b = 4*i + 63, k*b + 5*b = 2*i + 91. Let x = 439 - 252. Calculate the highest common factor of x and b.
17
Suppose 0 = 63*h + 924 - 5145. What is the greatest common divisor of 1541 and h?
67
Suppose 0*w + 8 = 4*w. Suppose 0 = w*k - 0 - 18. Let h = 73 + 8. What is the greatest common divisor of h and k?
9
Let n = -10 + 15. Suppose i = 2*i - 3*k + 21, 3*i = -n*k - 91. Let s = 3 - i. What is the greatest common factor of s and 10?
10
Let f(w) = w**3 - 36*w**2 - 33*w - 93. Let t be f(37). Calculate the greatest common divisor of t and 440.
55
Suppose 5*n = 2*i - 54, 93 = 5*i - 4*n + 2*n. What is the highest common divisor of 187 and i?
17
Suppose 3*k - 67 = -2*w, 0*k + 3*w = 2*k - 62. Let g = -18 + k. Let t be (-148)/(-3) - 2/6. Calculate the greatest common divisor of g and t.
7
Let o(p) = -p**2 + 13*p - 19. Let v be o(8). Suppose 27*f = v*f + 1848. Calculate the greatest common factor of 22 and f.
22
Let k(d) = d**2 + 15*d + 17. Let p be k(-14). Suppose -3*n + p*t = -0*t, -8 = -5*n + t. Calculate the greatest common factor of n and 2.
2
Suppose -2*w + 36 = 4. Suppose 8*r - 13*r - 2150 = 0. Let s be 6/9 - r/3. Calculate the highest common divisor of w and s.
16
Let 